# ************************************************************
# Sequel Pro SQL dump
# Version 4541
#
# http://www.sequelpro.com/
# https://github.com/sequelpro/sequelpro
#
# Host: 127.0.0.1 (MySQL 5.5.5-10.4.28-MariaDB)
# Database: kaknnea_db
# Generation Time: 2025-04-26 08:21:05 +0000
# ************************************************************




# Dump of table abouts
# ------------------------------------------------------------


CREATE TABLE `abouts` (
  `id` bigint(20) unsigned NOT NULL AUTO_INCREMENT,
  `content` text NOT NULL,
  `language` varchar(255) NOT NULL,
  `created_at` timestamp NULL DEFAULT NULL,
  `updated_at` timestamp NULL DEFAULT NULL,
  PRIMARY KEY (`id`)
) ENGINE=InnoDB DEFAULT CHARSET=utf8mb4 COLLATE=utf8mb4_unicode_ci;


INSERT INTO `abouts` (`id`, `content`, `language`, `created_at`, `updated_at`)
VALUES
	(1,'<h2>Our Mission</h2><p>Lorem Ipsum is simply dummy text of the printing and typesetting industry. Lorem Ipsum has\r\n                            been\r\n                            the industry\'s standard dummy text ever since the 1500s, when an unknown printer took a\r\n                            galley\r\n                            of type and scrambled it to make a type specimen book. It has survived not only five\r\n                            centuries,\r\n                            but also the leap into electronic typesetting, remaining essentially unchanged. It was\r\n                            popularised in the 1960s with the release of Letraset sheets containing Lorem Ipsum\r\n                            passages,\r\n                            and more recently with desktop publishing software like Aldus PageMaker including versions\r\n                            of\r\n                            Lorem Ipsum.\r\n                        </p><p>\r\n                            Lorem Ipsum is simply dummy text of the printing and typesetting industry. Lorem Ipsum has\r\n                            been the industry\'s standard dummy text ever since the 1500s, when an unknown printer took a\r\n                            galley of type and scrambled it to make a type specimen book. It has survived not only five\r\n                            Lorem Ipsum is simply dummy text of the printing and type setting industry. Lorem Ipsum has\r\n                            been the industry\'s standard dummy text ever since when an unknown printer took a galley of\r\n                            type and scrambled it to make a type specimen book. It has survived not only five centuries,\r\n                            but also the leap into electronic typesetting, remaining essentially unchanged. It was\r\n                            popularised in the 1960s with the release of Letraset sheets containing Lorem Ipsum\r\n                            passages, and more recently with desktop publishing software like Aldus PageMaker including\r\n                            versions of Lorem Ipsum.\r\n                        </p>\r\n\r\n\r\n\r\n\r\n                        <p>\r\n\r\n                            Lorem Ipsum is simply dummy text of the printing and typesetting industry. Lorem Ipsum has\r\n                            been\r\n                            the industry\'s standard dummy text ever since the 1500s, when an unknown printer took a\r\n                            galley\r\n                            of type and scrambled it to make a type specimen book. It has survived not only five\r\n                            centuries,\r\n                            but also the leap into electronic typesetting, remaining essentially unchanged. It was\r\n                            popularised in the 1960s with the release of Letraset sheets containing Lorem Ipsum\r\n                            passages,\r\n                            and more recently with desktop publishing software like Aldus PageMaker including versions\r\n                            of\r\n                            Lorem Ipsum.\r\n                        </p><p></p><p></p>','en','2023-06-08 06:50:45','2023-06-08 06:50:45');



# Dump of table ads
# ------------------------------------------------------------


CREATE TABLE `ads` (
  `id` bigint(20) unsigned NOT NULL AUTO_INCREMENT,
  `home_top_bar_ad` text NOT NULL,
  `home_top_bar_ad_status` tinyint(1) NOT NULL,
  `home_middle_ad` text NOT NULL,
  `home_middle_ad_status` tinyint(1) NOT NULL,
  `view_page_ad` text NOT NULL,
  `view_page_ad_status` tinyint(1) NOT NULL,
  `news_page_ad` text NOT NULL,
  `news_page_ad_status` tinyint(1) NOT NULL,
  `side_bar_ad` text NOT NULL,
  `side_bar_ad_status` tinyint(1) NOT NULL,
  `home_top_bar_ad_url` text DEFAULT NULL,
  `home_middle_ad_url` text DEFAULT NULL,
  `view_page_ad_url` text DEFAULT NULL,
  `news_page_ad_url` text DEFAULT NULL,
  `side_bar_ad_url` text DEFAULT NULL,
  `created_at` timestamp NULL DEFAULT NULL,
  `updated_at` timestamp NULL DEFAULT NULL,
  PRIMARY KEY (`id`)
) ENGINE=InnoDB DEFAULT CHARSET=utf8mb4 COLLATE=utf8mb4_unicode_ci;


INSERT INTO `ads` (`id`, `home_top_bar_ad`, `home_top_bar_ad_status`, `home_middle_ad`, `home_middle_ad_status`, `view_page_ad`, `view_page_ad_status`, `news_page_ad`, `news_page_ad_status`, `side_bar_ad`, `side_bar_ad_status`, `home_top_bar_ad_url`, `home_middle_ad_url`, `view_page_ad_url`, `news_page_ad_url`, `side_bar_ad_url`, `created_at`, `updated_at`)
VALUES
	(1,'uploads/3vy6ja1W5fs0RBCx3mpwTzseLaIs76.jpg',1,'uploads/jbmQHQfDFldmoeW8wFVcww7BQd2GDR.jpg',1,'uploads/xkc0PKeY9hgOXlPCaVMUW9FjUsj7fO.jpg',1,'uploads/rFnfSYwVnPZMVOLAeyN3qLU835IVnj.jpg',1,'uploads/E6Y7z6Ya7WI0MLSSJThIvv7haZZRW8.jpeg',1,NULL,NULL,NULL,NULL,NULL,'2023-06-06 05:14:15','2023-06-22 10:33:43');



# Dump of table categories
# ------------------------------------------------------------


CREATE TABLE `categories` (
  `id` bigint(20) unsigned NOT NULL AUTO_INCREMENT,
  `language` varchar(255) NOT NULL,
  `name` varchar(255) NOT NULL,
  `slug` varchar(255) NOT NULL,
  `show_at_nav` tinyint(1) NOT NULL,
  `status` tinyint(1) NOT NULL,
  `created_at` timestamp NULL DEFAULT NULL,
  `updated_at` timestamp NULL DEFAULT NULL,
  PRIMARY KEY (`id`)
) ENGINE=InnoDB DEFAULT CHARSET=utf8mb4 COLLATE=utf8mb4_unicode_ci;


INSERT INTO `categories` (`id`, `language`, `name`, `slug`, `show_at_nav`, `status`, `created_at`, `updated_at`)
VALUES
	(13,'en','Business','business',1,1,'2023-06-22 04:40:05','2023-06-22 04:40:05'),
	(14,'en','Event','event',1,1,'2023-06-22 04:40:15','2023-06-22 04:40:15'),
	(15,'en','Lifestyle','lifestyle',1,1,'2023-06-22 04:40:24','2023-06-22 04:40:24'),
	(16,'en','Politics','politics',1,1,'2023-06-22 04:40:35','2023-06-22 04:40:35'),
	(17,'en','Sports','sports',1,1,'2023-06-22 04:40:44','2023-06-22 04:40:44'),
	(18,'en','Tech','tech',0,1,'2023-06-22 04:40:56','2023-06-22 04:40:56'),
	(19,'en','Travel','travel',0,1,'2023-06-22 04:41:06','2023-06-22 04:41:06');



# Dump of table comments
# ------------------------------------------------------------


CREATE TABLE `comments` (
  `id` bigint(20) unsigned NOT NULL AUTO_INCREMENT,
  `news_id` bigint(20) unsigned NOT NULL,
  `user_id` bigint(20) unsigned NOT NULL,
  `parent_id` bigint(20) unsigned DEFAULT NULL,
  `comment` text NOT NULL,
  `created_at` timestamp NULL DEFAULT NULL,
  `updated_at` timestamp NULL DEFAULT NULL,
  PRIMARY KEY (`id`),
  KEY `comments_news_id_foreign` (`news_id`),
  KEY `comments_user_id_foreign` (`user_id`),
  KEY `comments_parent_id_foreign` (`parent_id`),
  CONSTRAINT `comments_news_id_foreign` FOREIGN KEY (`news_id`) REFERENCES `news` (`id`) ON DELETE CASCADE,
  CONSTRAINT `comments_parent_id_foreign` FOREIGN KEY (`parent_id`) REFERENCES `comments` (`id`) ON DELETE CASCADE,
  CONSTRAINT `comments_user_id_foreign` FOREIGN KEY (`user_id`) REFERENCES `users` (`id`) ON DELETE CASCADE
) ENGINE=InnoDB DEFAULT CHARSET=utf8mb4 COLLATE=utf8mb4_unicode_ci;



# Dump of table contacts
# ------------------------------------------------------------


CREATE TABLE `contacts` (
  `id` bigint(20) unsigned NOT NULL AUTO_INCREMENT,
  `address` text NOT NULL,
  `phone` varchar(255) NOT NULL,
  `email` varchar(255) NOT NULL,
  `language` varchar(255) NOT NULL,
  `created_at` timestamp NULL DEFAULT NULL,
  `updated_at` timestamp NULL DEFAULT NULL,
  PRIMARY KEY (`id`)
) ENGINE=InnoDB DEFAULT CHARSET=utf8mb4 COLLATE=utf8mb4_unicode_ci;


INSERT INTO `contacts` (`id`, `address`, `phone`, `email`, `language`, `created_at`, `updated_at`)
VALUES
	(1,'PO Box 16122 Collins Street West Victoria 8007 Australia','(+12) 34567 890 123','mail@example.com','en','2023-06-08 08:24:52','2023-06-08 08:24:52'),
	(2,'PO Box 16122 Collins Street West Victoria 8007 Australia','(+12) 34567 890 123','mail@example.com','bn','2023-06-08 10:12:55','2023-06-08 10:12:55');



# Dump of table failed_jobs
# ------------------------------------------------------------


CREATE TABLE `failed_jobs` (
  `id` bigint(20) unsigned NOT NULL AUTO_INCREMENT,
  `uuid` varchar(255) NOT NULL,
  `connection` text NOT NULL,
  `queue` text NOT NULL,
  `payload` longtext NOT NULL,
  `exception` longtext NOT NULL,
  `failed_at` timestamp NOT NULL DEFAULT current_timestamp(),
  PRIMARY KEY (`id`),
  UNIQUE KEY `failed_jobs_uuid_unique` (`uuid`)
) ENGINE=InnoDB DEFAULT CHARSET=utf8mb4 COLLATE=utf8mb4_unicode_ci;



# Dump of table footer_grid_ones
# ------------------------------------------------------------


CREATE TABLE `footer_grid_ones` (
  `id` bigint(20) unsigned NOT NULL AUTO_INCREMENT,
  `language` varchar(255) NOT NULL,
  `name` varchar(255) NOT NULL,
  `url` text NOT NULL,
  `status` tinyint(1) NOT NULL,
  `created_at` timestamp NULL DEFAULT NULL,
  `updated_at` timestamp NULL DEFAULT NULL,
  PRIMARY KEY (`id`)
) ENGINE=InnoDB DEFAULT CHARSET=utf8mb4 COLLATE=utf8mb4_unicode_ci;


INSERT INTO `footer_grid_ones` (`id`, `language`, `name`, `url`, `status`, `created_at`, `updated_at`)
VALUES
	(2,'en','About','/about',1,'2023-06-07 08:37:51','2023-06-07 08:37:51'),
	(3,'en','Contact','/contact',1,'2023-06-07 08:38:36','2023-06-07 08:38:36'),
	(6,'en','Login','/login',1,'2023-06-22 10:10:25','2023-06-22 10:10:25'),
	(7,'en','Regester','/register',1,'2023-06-22 10:10:46','2023-06-22 10:10:46');



# Dump of table footer_grid_threes
# ------------------------------------------------------------


CREATE TABLE `footer_grid_threes` (
  `id` bigint(20) unsigned NOT NULL AUTO_INCREMENT,
  `language` varchar(255) NOT NULL,
  `name` varchar(255) NOT NULL,
  `url` text NOT NULL,
  `status` tinyint(1) NOT NULL,
  `created_at` timestamp NULL DEFAULT NULL,
  `updated_at` timestamp NULL DEFAULT NULL,
  PRIMARY KEY (`id`)
) ENGINE=InnoDB DEFAULT CHARSET=utf8mb4 COLLATE=utf8mb4_unicode_ci;


INSERT INTO `footer_grid_threes` (`id`, `language`, `name`, `url`, `status`, `created_at`, `updated_at`)
VALUES
	(2,'en','Helth','#',1,'2023-06-07 11:41:25','2023-06-22 10:19:02'),
	(5,'en','Politics','#',1,'2023-06-22 10:19:59','2023-06-22 10:19:59'),
	(9,'en','Event','#',1,'2023-06-22 10:22:15','2023-06-22 10:22:15');



# Dump of table footer_grid_twos
# ------------------------------------------------------------


CREATE TABLE `footer_grid_twos` (
  `id` bigint(20) unsigned NOT NULL AUTO_INCREMENT,
  `language` varchar(255) NOT NULL,
  `name` varchar(255) NOT NULL,
  `url` text NOT NULL,
  `status` tinyint(1) NOT NULL,
  `created_at` timestamp NULL DEFAULT NULL,
  `updated_at` timestamp NULL DEFAULT NULL,
  PRIMARY KEY (`id`)
) ENGINE=InnoDB DEFAULT CHARSET=utf8mb4 COLLATE=utf8mb4_unicode_ci;


INSERT INTO `footer_grid_twos` (`id`, `language`, `name`, `url`, `status`, `created_at`, `updated_at`)
VALUES
	(2,'en','About Us','#',1,'2023-06-07 10:37:37','2023-06-22 10:15:16'),
	(3,'en','Best News','#',1,'2023-06-07 10:37:50','2023-06-22 10:16:20'),
	(8,'en','New News','#',1,'2023-06-22 10:17:13','2023-06-22 10:17:13');



# Dump of table footer_infos
# ------------------------------------------------------------


CREATE TABLE `footer_infos` (
  `id` bigint(20) unsigned NOT NULL AUTO_INCREMENT,
  `logo` text DEFAULT NULL,
  `description` text NOT NULL,
  `copyright` varchar(255) NOT NULL,
  `language` varchar(255) NOT NULL,
  `created_at` timestamp NULL DEFAULT NULL,
  `updated_at` timestamp NULL DEFAULT NULL,
  PRIMARY KEY (`id`)
) ENGINE=InnoDB DEFAULT CHARSET=utf8mb4 COLLATE=utf8mb4_unicode_ci;


INSERT INTO `footer_infos` (`id`, `logo`, `description`, `copyright`, `language`, `created_at`, `updated_at`)
VALUES
	(1,'uploads/NGgExe78XH7X3YaNCnH4NZoWMAq10j.png','Lorem ipsum dolor sit amet consectetur, adipisicing elit. Eius magnam harum iure officia laudantium impedit voluptatem.','Copyright © 2023 Top News Theme by WebSolutionUS','en','2023-06-07 06:08:10','2023-06-22 10:23:33'),
	(3,'uploads/GhP4SiW5T9FGBS4eTvfXU2I9x7NBSS.png','लोरेम इप्सम डोलर सीट अमित कॉन्सेकेटर, एडीपीसीसिंग एलीट। यूएस मैग्नम हैरम यूरे ऑफिसिया लॉडेंटियम इम्पेडेट वोलुप्टेटेम।','Copyright © 2023 Top News Theme by WebSolutionUS','hi','2023-06-22 07:29:52','2023-06-22 10:23:39');



# Dump of table home_section_settings
# ------------------------------------------------------------


CREATE TABLE `home_section_settings` (
  `id` bigint(20) unsigned NOT NULL AUTO_INCREMENT,
  `category_section_one` varchar(255) NOT NULL,
  `category_section_two` varchar(255) NOT NULL,
  `category_section_three` varchar(255) NOT NULL,
  `category_section_four` varchar(255) NOT NULL,
  `language` varchar(255) NOT NULL,
  `created_at` timestamp NULL DEFAULT NULL,
  `updated_at` timestamp NULL DEFAULT NULL,
  PRIMARY KEY (`id`)
) ENGINE=InnoDB DEFAULT CHARSET=utf8mb4 COLLATE=utf8mb4_unicode_ci;


INSERT INTO `home_section_settings` (`id`, `category_section_one`, `category_section_two`, `category_section_three`, `category_section_four`, `language`, `created_at`, `updated_at`)
VALUES
	(1,'13','15','14','16','en','2023-06-03 08:22:51','2023-06-22 07:01:07');



# Dump of table languages
# ------------------------------------------------------------


CREATE TABLE `languages` (
  `id` bigint(20) unsigned NOT NULL AUTO_INCREMENT,
  `name` varchar(255) NOT NULL,
  `lang` varchar(255) NOT NULL,
  `slug` varchar(255) NOT NULL,
  `default` tinyint(1) NOT NULL,
  `status` tinyint(1) NOT NULL,
  `created_at` timestamp NULL DEFAULT NULL,
  `updated_at` timestamp NULL DEFAULT NULL,
  PRIMARY KEY (`id`)
) ENGINE=InnoDB DEFAULT CHARSET=utf8mb4 COLLATE=utf8mb4_unicode_ci;


INSERT INTO `languages` (`id`, `name`, `lang`, `slug`, `default`, `status`, `created_at`, `updated_at`)
VALUES
	(3,'English','en','en',1,1,'2023-05-27 07:54:48','2023-05-29 13:35:52'),
	(8,'Khmer','Km','Km',0,1,'2023-06-22 04:20:59','2023-06-22 04:20:59');



# Dump of table migrations
# ------------------------------------------------------------


CREATE TABLE `migrations` (
  `id` int(10) unsigned NOT NULL AUTO_INCREMENT,
  `migration` varchar(255) NOT NULL,
  `batch` int(11) NOT NULL,
  PRIMARY KEY (`id`)
) ENGINE=InnoDB DEFAULT CHARSET=utf8mb4 COLLATE=utf8mb4_unicode_ci;


INSERT INTO `migrations` (`id`, `migration`, `batch`)
VALUES
	(1,'2014_10_12_000000_create_users_table',1),
	(2,'2014_10_12_100000_create_password_reset_tokens_table',1),
	(3,'2019_08_19_000000_create_failed_jobs_table',1),
	(4,'2019_12_14_000001_create_personal_access_tokens_table',1),
	(5,'2023_05_21_092521_create_admins_table',2),
	(7,'2023_05_25_093155_create_languages_table',3),
	(8,'2023_05_27_091159_create_categories_table',4),
	(9,'2023_05_28_040844_create_news_table',5),
	(10,'2023_05_28_093323_create_tags_table',6),
	(11,'2023_05_28_093523_create_news_tags_table',6),
	(12,'2023_05_31_091856_create_comments_table',7),
	(13,'2023_06_03_045954_create_home_section_settings_table',8),
	(15,'2023_06_04_032108_create_social_counts_table',9),
	(18,'2023_06_05_074833_create_ads_table',10),
	(19,'2023_06_06_061800_create_subscribers_table',11),
	(20,'2023_06_06_102406_create_social_links_table',12),
	(21,'2023_06_07_043229_create_footer_infos_table',13),
	(22,'2023_06_07_063900_create_footer_grid_ones_table',14),
	(23,'2023_06_07_092407_create_footer_grid_twos_table',15),
	(24,'2023_06_07_102857_create_footer_grid_threes_table',16),
	(25,'2023_06_08_035931_create_footer_titles_table',17),
	(27,'2023_06_08_053338_create_abouts_table',18),
	(28,'2023_06_08_070724_create_contacts_table',19),
	(30,'2023_06_08_112641_create_recived_mails_table',20),
	(31,'2023_06_10_105757_create_settings_table',21),
	(32,'2023_06_11_110729_create_permission_tables',22);



# Dump of table model_has_permissions
# ------------------------------------------------------------


CREATE TABLE `model_has_permissions` (
  `permission_id` bigint(20) unsigned NOT NULL,
  `model_type` varchar(255) NOT NULL,
  `model_id` bigint(20) unsigned NOT NULL,
  PRIMARY KEY (`permission_id`,`model_id`,`model_type`),
  KEY `model_has_permissions_model_id_model_type_index` (`model_id`,`model_type`),
  CONSTRAINT `model_has_permissions_permission_id_foreign` FOREIGN KEY (`permission_id`) REFERENCES `permissions` (`id`) ON DELETE CASCADE
) ENGINE=InnoDB DEFAULT CHARSET=utf8mb4 COLLATE=utf8mb4_unicode_ci;



# Dump of table model_has_roles
# ------------------------------------------------------------


CREATE TABLE `model_has_roles` (
  `role_id` bigint(20) unsigned NOT NULL,
  `model_type` varchar(255) NOT NULL,
  `model_id` bigint(20) unsigned NOT NULL,
  PRIMARY KEY (`role_id`,`model_id`,`model_type`),
  KEY `model_has_roles_model_id_model_type_index` (`model_id`,`model_type`),
  CONSTRAINT `model_has_roles_role_id_foreign` FOREIGN KEY (`role_id`) REFERENCES `roles` (`id`) ON DELETE CASCADE
) ENGINE=InnoDB DEFAULT CHARSET=utf8mb4 COLLATE=utf8mb4_unicode_ci;


INSERT INTO `model_has_roles` (`role_id`, `model_type`, `model_id`)
VALUES
	(3,'App\\Models\\Admin',1),
	(6,'App\\Models\\Admin',4);



# Dump of table news
# ------------------------------------------------------------


CREATE TABLE `news` (
  `id` bigint(20) unsigned NOT NULL AUTO_INCREMENT,
  `language` varchar(255) NOT NULL,
  `category_id` bigint(20) unsigned NOT NULL,
  `auther_id` bigint(20) unsigned NOT NULL,
  `image` text NOT NULL,
  `title` varchar(255) NOT NULL,
  `slug` text NOT NULL,
  `content` text NOT NULL,
  `meta_title` varchar(255) DEFAULT NULL,
  `meta_description` varchar(255) DEFAULT NULL,
  `is_breaking_news` tinyint(1) NOT NULL DEFAULT 0,
  `show_at_slider` tinyint(1) NOT NULL DEFAULT 0,
  `show_at_popular` tinyint(1) NOT NULL DEFAULT 0,
  `status` tinyint(1) NOT NULL DEFAULT 0,
  `is_approved` tinyint(1) DEFAULT 0,
  `views` int(11) DEFAULT 0,
  `created_at` timestamp NULL DEFAULT NULL,
  `updated_at` timestamp NULL DEFAULT NULL,
  PRIMARY KEY (`id`),
  KEY `news_category_id_foreign` (`category_id`),
  KEY `news_auther_id_foreign` (`auther_id`),
  CONSTRAINT `news_auther_id_foreign` FOREIGN KEY (`auther_id`) REFERENCES `admins` (`id`),
  CONSTRAINT `news_category_id_foreign` FOREIGN KEY (`category_id`) REFERENCES `categories` (`id`) ON DELETE CASCADE
) ENGINE=InnoDB DEFAULT CHARSET=utf8mb4 COLLATE=utf8mb4_unicode_ci;


INSERT INTO `news` (`id`, `language`, `category_id`, `auther_id`, `image`, `title`, `slug`, `content`, `meta_title`, `meta_description`, `is_breaking_news`, `show_at_slider`, `show_at_popular`, `status`, `is_approved`, `views`, `created_at`, `updated_at`)
VALUES
	(20,'en',13,1,'uploads/OH9GtR9XgO2FEMG9tcasuvEMqVY05s.jpg','Unlocking Entrepreneurial Success: Strategies for Building a Thriving Business','unlocking-entrepreneurial-success-strategies-for-building-a-thriving-business','<p>Introduction:\r\nBusiness is the backbone of the global economy, fueling innovation, growth, and creating opportunities. In an ever-changing world, the business landscape has evolved significantly due to technology, globalization, and shifting consumer demands. Navigating this dynamic environment requires understanding key principles, challenges, and strategies. This article explores various aspects of the business world, including entrepreneurship, management, marketing, finance, and corporate social responsibility.</p>\r\n<p>The Foundation of Business:\r\nAt its core, business involves creating, delivering, and capturing value. Entrepreneurs play a vital role in establishing businesses, identifying market gaps, and bringing innovative ideas to life. Successful entrepreneurship requires creativity, resourcefulness, and resilience. Startups and small businesses face unique challenges but also benefit from agility and flexibility in meeting market needs.</p>\r\n<p>The Art of Management:\r\nEffective management is crucial for businesses of all sizes. It encompasses planning, organizing, leading, and controlling operations. Managers must possess leadership skills, motivate teams, and have a strategic vision. Key management functions include human resource management, operations management, and strategic planning. Effective communication, decision-making, and problem-solving skills are critical for success.</p>\r\n<p>Mastering Marketing:\r\nMarketing involves understanding customer needs, creating value propositions, and promoting products or services. It includes market research, segmentation, targeting, positioning, and branding. Digital marketing has revolutionized the field, providing new channels for advertising, customer engagement, and data analysis. Successful campaigns leverage consumer insights and adapt to changing preferences.</p>\r\n<p>The Financial Perspective:\r\nFinance is vital for business sustainability. Understanding financial concepts, managing cash flows, and making informed investment decisions are crucial. Financial management includes budgeting, financial analysis, risk management, and optimizing capital structure. Sound financial planning ensures businesses have the resources to operate, expand, and innovate.</p>\r\n<p>Embracing Corporate Social Responsibility:\r\nBusinesses are expected to act responsibly in today\'s socially conscious environment. Corporate Social Responsibility (CSR) refers to ethical and sustainable practices. Initiatives can include environmental stewardship, community engagement, and ethical sourcing. Prioritizing CSR enhances reputation, attracts customers, and retains employees.</p>\r\n<p>Conclusion:\r\nThe world of business is a complex and evolving landscape. Staying attuned to market dynamics, technology, and consumer preferences is essential. Embracing innovation, fostering leadership, leveraging effective marketing strategies, managing finances wisely, and embracing social responsibility position businesses for success. The journey of entrepreneurship and business management is challenging yet rewarding, offering opportunities for growth, impact, and personal fulfillment. Businesses play a crucial role in shaping economies, driving innovation, and improving quality of life for individuals and societies</p>\r\n<p></p>',NULL,NULL,1,1,1,1,1,0,'2023-06-22 05:13:13','2023-06-22 05:23:50'),
	(23,'en',13,1,'uploads/I4L2c4J0gV4CUXvhzqTGdynzjZFv5J.jpeg','Navigating the Competitive Landscape: Insights for Small Business Growth','navigating-the-competitive-landscape-insights-for-small-business-growth','<p>Introduction:\r\nBusiness is the backbone of the global economy, fueling innovation, growth, and creating opportunities. In an ever-changing world, the business landscape has evolved significantly due to technology, globalization, and shifting consumer demands. Navigating this dynamic environment requires understanding key principles, challenges, and strategies. This article explores various aspects of the business world, including entrepreneurship, management, marketing, finance, and corporate social responsibility.</p>\r\n<p>The Foundation of Business:\r\nAt its core, business involves creating, delivering, and capturing value. Entrepreneurs play a vital role in establishing businesses, identifying market gaps, and bringing innovative ideas to life. Successful entrepreneurship requires creativity, resourcefulness, and resilience. Startups and small businesses face unique challenges but also benefit from agility and flexibility in meeting market needs.</p>\r\n<p>The Art of Management:\r\nEffective management is crucial for businesses of all sizes. It encompasses planning, organizing, leading, and controlling operations. Managers must possess leadership skills, motivate teams, and have a strategic vision. Key management functions include human resource management, operations management, and strategic planning. Effective communication, decision-making, and problem-solving skills are critical for success.</p>\r\n<p>Mastering Marketing:\r\nMarketing involves understanding customer needs, creating value propositions, and promoting products or services. It includes market research, segmentation, targeting, positioning, and branding. Digital marketing has revolutionized the field, providing new channels for advertising, customer engagement, and data analysis. Successful campaigns leverage consumer insights and adapt to changing preferences.</p>\r\n<p>The Financial Perspective:\r\nFinance is vital for business sustainability. Understanding financial concepts, managing cash flows, and making informed investment decisions are crucial. Financial management includes budgeting, financial analysis, risk management, and optimizing capital structure. Sound financial planning ensures businesses have the resources to operate, expand, and innovate.</p>\r\n<p>Embracing Corporate Social Responsibility:\r\nBusinesses are expected to act responsibly in today\'s socially conscious environment. Corporate Social Responsibility (CSR) refers to ethical and sustainable practices. Initiatives can include environmental stewardship, community engagement, and ethical sourcing. Prioritizing CSR enhances reputation, attracts customers, and retains employees.</p>\r\n<p>Conclusion:\r\nThe world of business is a complex and evolving landscape. Staying attuned to market dynamics, technology, and consumer preferences is essential. Embracing innovation, fostering leadership, leveraging effective marketing strategies, managing finances wisely, and embracing social responsibility position businesses for success. The journey of entrepreneurship and business management is challenging yet rewarding, offering opportunities for growth, impact, and personal fulfillment. Businesses play a crucial role in shaping economies, driving innovation, and improving quality of life for individuals and societies</p>\r\n<p></p>',NULL,NULL,1,1,1,1,1,0,'2023-06-22 05:18:43','2023-06-22 05:19:39'),
	(24,'en',13,1,'uploads/5LVocggwDRXqMySdDZg46I0ekZMFGd.jpeg','From Startups to Success: Lessons from Innovative Business Ventures','from-startups-to-success-lessons-from-innovative-business-ventures','<p>Introduction:\r\nBusiness is the backbone of the global economy, fueling innovation, growth, and creating opportunities. In an ever-changing world, the business landscape has evolved significantly due to technology, globalization, and shifting consumer demands. Navigating this dynamic environment requires understanding key principles, challenges, and strategies. This article explores various aspects of the business world, including entrepreneurship, management, marketing, finance, and corporate social responsibility.</p>\r\n<p>The Foundation of Business:\r\nAt its core, business involves creating, delivering, and capturing value. Entrepreneurs play a vital role in establishing businesses, identifying market gaps, and bringing innovative ideas to life. Successful entrepreneurship requires creativity, resourcefulness, and resilience. Startups and small businesses face unique challenges but also benefit from agility and flexibility in meeting market needs.</p>\r\n<p>The Art of Management:\r\nEffective management is crucial for businesses of all sizes. It encompasses planning, organizing, leading, and controlling operations. Managers must possess leadership skills, motivate teams, and have a strategic vision. Key management functions include human resource management, operations management, and strategic planning. Effective communication, decision-making, and problem-solving skills are critical for success.</p>\r\n<p>Mastering Marketing:\r\nMarketing involves understanding customer needs, creating value propositions, and promoting products or services. It includes market research, segmentation, targeting, positioning, and branding. Digital marketing has revolutionized the field, providing new channels for advertising, customer engagement, and data analysis. Successful campaigns leverage consumer insights and adapt to changing preferences.</p>\r\n<p>The Financial Perspective:\r\nFinance is vital for business sustainability. Understanding financial concepts, managing cash flows, and making informed investment decisions are crucial. Financial management includes budgeting, financial analysis, risk management, and optimizing capital structure. Sound financial planning ensures businesses have the resources to operate, expand, and innovate.</p>\r\n<p>Embracing Corporate Social Responsibility:\r\nBusinesses are expected to act responsibly in today\'s socially conscious environment. Corporate Social Responsibility (CSR) refers to ethical and sustainable practices. Initiatives can include environmental stewardship, community engagement, and ethical sourcing. Prioritizing CSR enhances reputation, attracts customers, and retains employees.</p>\r\n<p>Conclusion:\r\nThe world of business is a complex and evolving landscape. Staying attuned to market dynamics, technology, and consumer preferences is essential. Embracing innovation, fostering leadership, leveraging effective marketing strategies, managing finances wisely, and embracing social responsibility position businesses for success. The journey of entrepreneurship and business management is challenging yet rewarding, offering opportunities for growth, impact, and personal fulfillment. Businesses play a crucial role in shaping economies, driving innovation, and improving quality of life for individuals and societies</p>\r\n<p></p>',NULL,NULL,1,1,1,1,1,0,'2023-06-22 05:19:43','2023-06-22 05:20:19'),
	(25,'en',13,1,'uploads/gFgEHeZHf5Euz7jCtVrA7Vd6B47YPS.jpeg','Driving Profitability: Effective Financial Management for Businesses','driving-profitability-effective-financial-management-for-businesses','<p>Introduction:\r\nBusiness is the backbone of the global economy, fueling innovation, growth, and creating opportunities. In an ever-changing world, the business landscape has evolved significantly due to technology, globalization, and shifting consumer demands. Navigating this dynamic environment requires understanding key principles, challenges, and strategies. This article explores various aspects of the business world, including entrepreneurship, management, marketing, finance, and corporate social responsibility.</p>\r\n<p>The Foundation of Business:\r\nAt its core, business involves creating, delivering, and capturing value. Entrepreneurs play a vital role in establishing businesses, identifying market gaps, and bringing innovative ideas to life. Successful entrepreneurship requires creativity, resourcefulness, and resilience. Startups and small businesses face unique challenges but also benefit from agility and flexibility in meeting market needs.</p>\r\n<p>The Art of Management:\r\nEffective management is crucial for businesses of all sizes. It encompasses planning, organizing, leading, and controlling operations. Managers must possess leadership skills, motivate teams, and have a strategic vision. Key management functions include human resource management, operations management, and strategic planning. Effective communication, decision-making, and problem-solving skills are critical for success.</p>\r\n<p>Mastering Marketing:\r\nMarketing involves understanding customer needs, creating value propositions, and promoting products or services. It includes market research, segmentation, targeting, positioning, and branding. Digital marketing has revolutionized the field, providing new channels for advertising, customer engagement, and data analysis. Successful campaigns leverage consumer insights and adapt to changing preferences.</p>\r\n<p>The Financial Perspective:\r\nFinance is vital for business sustainability. Understanding financial concepts, managing cash flows, and making informed investment decisions are crucial. Financial management includes budgeting, financial analysis, risk management, and optimizing capital structure. Sound financial planning ensures businesses have the resources to operate, expand, and innovate.</p>\r\n<p>Embracing Corporate Social Responsibility:\r\nBusinesses are expected to act responsibly in today\'s socially conscious environment. Corporate Social Responsibility (CSR) refers to ethical and sustainable practices. Initiatives can include environmental stewardship, community engagement, and ethical sourcing. Prioritizing CSR enhances reputation, attracts customers, and retains employees.</p>\r\n<p>Conclusion:\r\nThe world of business is a complex and evolving landscape. Staying attuned to market dynamics, technology, and consumer preferences is essential. Embracing innovation, fostering leadership, leveraging effective marketing strategies, managing finances wisely, and embracing social responsibility position businesses for success. The journey of entrepreneurship and business management is challenging yet rewarding, offering opportunities for growth, impact, and personal fulfillment. Businesses play a crucial role in shaping economies, driving innovation, and improving quality of life for individuals and societies</p>\r\n<p></p>',NULL,NULL,1,1,1,1,1,0,'2023-06-22 05:20:34','2023-06-22 05:24:13'),
	(34,'en',14,1,'uploads/1W5bMGNWVTHODgwSnxI1QOuVFMLM83.jpg','Creating Memorable Experiences: Unleashing the Magic of Event Planning','creating-memorable-experiences-unleashing-the-magic-of-event-planning','Introduction:<br>Business is the backbone of the global economy, fueling innovation, growth, and creating opportunities. In an ever-changing world, the business landscape has evolved significantly due to technology, globalization, and shifting consumer demands. Navigating this dynamic environment requires understanding key principles, challenges, and strategies. This article explores various aspects of the business world, including entrepreneurship, management, marketing, finance, and corporate social responsibility.<br><br>The Foundation of Business:<br>At its core, business involves creating, delivering, and capturing value. Entrepreneurs play a vital role in establishing businesses, identifying market gaps, and bringing innovative ideas to life. Successful entrepreneurship requires creativity, resourcefulness, and resilience. Startups and small businesses face unique challenges but also benefit from agility and flexibility in meeting market needs.<br><br>The Art of Management:<br>Effective management is crucial for businesses of all sizes. It encompasses planning, organizing, leading, and controlling operations. Managers must possess leadership skills, motivate teams, and have a strategic vision. Key management functions include human resource management, operations management, and strategic planning. Effective communication, decision-making, and problem-solving skills are critical for success.<br><br>Mastering Marketing:<br>Marketing involves understanding customer needs, creating value propositions, and promoting products or services. It includes market research, segmentation, targeting, positioning, and branding. Digital marketing has revolutionized the field, providing new channels for advertising, customer engagement, and data analysis. Successful campaigns leverage consumer insights and adapt to changing preferences.<br><br>The Financial Perspective:<br>Finance is vital for business sustainability. Understanding financial concepts, managing cash flows, and making informed investment decisions are crucial. Financial management includes budgeting, financial analysis, risk management, and optimizing capital structure. Sound financial planning ensures businesses have the resources to operate, expand, and innovate.<br><br>Embracing Corporate Social Responsibility:<br>Businesses are expected to act responsibly in today\'s socially conscious environment. Corporate Social Responsibility (CSR) refers to ethical and sustainable practices. Initiatives can include environmental stewardship, community engagement, and ethical sourcing. Prioritizing CSR enhances reputation, attracts customers, and retains employees.<br><br>Conclusion:<br>The world of business is a complex and evolving landscape. Staying attuned to market dynamics, technology, and consumer preferences is essential. Embracing innovation, fostering leadership, leveraging effective marketing strategies, managing finances wisely, and embracing social responsibility position businesses for success. The journey of entrepreneurship and business management is challenging yet rewarding, offering opportunities for growth, impact, and personal fulfillment. Businesses play a crucial role in shaping economies, driving innovation, and improving quality of life for individuals and societies<br>',NULL,NULL,1,1,1,1,1,0,'2023-06-22 05:51:11','2023-06-22 05:51:11'),
	(37,'en',14,1,'uploads/K9h4VVS8JCpxqwOMGHTUVHuDVnokff.jpg','Mastering Event Marketing: Strategies to Boost Attendance and Engagement','mastering-event-marketing-strategies-to-boost-attendance-and-engagement','Introduction:<br>Business is the backbone of the global economy, fueling innovation, growth, and creating opportunities. In an ever-changing world, the business landscape has evolved significantly due to technology, globalization, and shifting consumer demands. Navigating this dynamic environment requires understanding key principles, challenges, and strategies. This article explores various aspects of the business world, including entrepreneurship, management, marketing, finance, and corporate social responsibility.<br><br>The Foundation of Business:<br>At its core, business involves creating, delivering, and capturing value. Entrepreneurs play a vital role in establishing businesses, identifying market gaps, and bringing innovative ideas to life. Successful entrepreneurship requires creativity, resourcefulness, and resilience. Startups and small businesses face unique challenges but also benefit from agility and flexibility in meeting market needs.<br><br>The Art of Management:<br>Effective management is crucial for businesses of all sizes. It encompasses planning, organizing, leading, and controlling operations. Managers must possess leadership skills, motivate teams, and have a strategic vision. Key management functions include human resource management, operations management, and strategic planning. Effective communication, decision-making, and problem-solving skills are critical for success.<br><br>Mastering Marketing:<br>Marketing involves understanding customer needs, creating value propositions, and promoting products or services. It includes market research, segmentation, targeting, positioning, and branding. Digital marketing has revolutionized the field, providing new channels for advertising, customer engagement, and data analysis. Successful campaigns leverage consumer insights and adapt to changing preferences.<br><br>The Financial Perspective:<br>Finance is vital for business sustainability. Understanding financial concepts, managing cash flows, and making informed investment decisions are crucial. Financial management includes budgeting, financial analysis, risk management, and optimizing capital structure. Sound financial planning ensures businesses have the resources to operate, expand, and innovate.<br><br>Embracing Corporate Social Responsibility:<br>Businesses are expected to act responsibly in today\'s socially conscious environment. Corporate Social Responsibility (CSR) refers to ethical and sustainable practices. Initiatives can include environmental stewardship, community engagement, and ethical sourcing. Prioritizing CSR enhances reputation, attracts customers, and retains employees.<br><br>Conclusion:<br>The world of business is a complex and evolving landscape. Staying attuned to market dynamics, technology, and consumer preferences is essential. Embracing innovation, fostering leadership, leveraging effective marketing strategies, managing finances wisely, and embracing social responsibility position businesses for success. The journey of entrepreneurship and business management is challenging yet rewarding, offering opportunities for growth, impact, and personal fulfillment. Businesses play a crucial role in shaping economies, driving innovation, and improving quality of life for individuals and societies<br>',NULL,NULL,1,1,1,1,1,1,'2023-06-22 05:53:22','2023-06-22 10:34:52'),
	(40,'en',14,1,'uploads/XtLfEDo2k3e4qKMTzrdk8rnmspjsVf.jpg','Behind the Scenes: The Art of Seamless Event Execution','behind-the-scenes-the-art-of-seamless-event-execution','Introduction:<br>Business is the backbone of the global economy, fueling innovation, growth, and creating opportunities. In an ever-changing world, the business landscape has evolved significantly due to technology, globalization, and shifting consumer demands. Navigating this dynamic environment requires understanding key principles, challenges, and strategies. This article explores various aspects of the business world, including entrepreneurship, management, marketing, finance, and corporate social responsibility.<br><br>The Foundation of Business:<br>At its core, business involves creating, delivering, and capturing value. Entrepreneurs play a vital role in establishing businesses, identifying market gaps, and bringing innovative ideas to life. Successful entrepreneurship requires creativity, resourcefulness, and resilience. Startups and small businesses face unique challenges but also benefit from agility and flexibility in meeting market needs.<br><br>The Art of Management:<br>Effective management is crucial for businesses of all sizes. It encompasses planning, organizing, leading, and controlling operations. Managers must possess leadership skills, motivate teams, and have a strategic vision. Key management functions include human resource management, operations management, and strategic planning. Effective communication, decision-making, and problem-solving skills are critical for success.<br><br>Mastering Marketing:<br>Marketing involves understanding customer needs, creating value propositions, and promoting products or services. It includes market research, segmentation, targeting, positioning, and branding. Digital marketing has revolutionized the field, providing new channels for advertising, customer engagement, and data analysis. Successful campaigns leverage consumer insights and adapt to changing preferences.<br><br>The Financial Perspective:<br>Finance is vital for business sustainability. Understanding financial concepts, managing cash flows, and making informed investment decisions are crucial. Financial management includes budgeting, financial analysis, risk management, and optimizing capital structure. Sound financial planning ensures businesses have the resources to operate, expand, and innovate.<br><br>Embracing Corporate Social Responsibility:<br>Businesses are expected to act responsibly in today\'s socially conscious environment. Corporate Social Responsibility (CSR) refers to ethical and sustainable practices. Initiatives can include environmental stewardship, community engagement, and ethical sourcing. Prioritizing CSR enhances reputation, attracts customers, and retains employees.<br><br>Conclusion:<br>The world of business is a complex and evolving landscape. Staying attuned to market dynamics, technology, and consumer preferences is essential. Embracing innovation, fostering leadership, leveraging effective marketing strategies, managing finances wisely, and embracing social responsibility position businesses for success. The journey of entrepreneurship and business management is challenging yet rewarding, offering opportunities for growth, impact, and personal fulfillment. Businesses play a crucial role in shaping economies, driving innovation, and improving quality of life for individuals and societies<br>',NULL,NULL,1,1,1,1,1,0,'2023-06-22 05:55:35','2023-06-22 05:56:25'),
	(43,'en',15,1,'uploads/1Lw6dCj40WrzmxowFxJfWufMRateSJ.jpg','Breaking Barriers: Innovations in Virtual and Hybrid Event Experiences','breaking-barriers-innovations-in-virtual-and-hybrid-event-experiences','Introduction:<br>Business is the backbone of the global economy, fueling innovation, growth, and creating opportunities. In an ever-changing world, the business landscape has evolved significantly due to technology, globalization, and shifting consumer demands. Navigating this dynamic environment requires understanding key principles, challenges, and strategies. This article explores various aspects of the business world, including entrepreneurship, management, marketing, finance, and corporate social responsibility.<br><br>The Foundation of Business:<br>At its core, business involves creating, delivering, and capturing value. Entrepreneurs play a vital role in establishing businesses, identifying market gaps, and bringing innovative ideas to life. Successful entrepreneurship requires creativity, resourcefulness, and resilience. Startups and small businesses face unique challenges but also benefit from agility and flexibility in meeting market needs.<br><br>The Art of Management:<br>Effective management is crucial for businesses of all sizes. It encompasses planning, organizing, leading, and controlling operations. Managers must possess leadership skills, motivate teams, and have a strategic vision. Key management functions include human resource management, operations management, and strategic planning. Effective communication, decision-making, and problem-solving skills are critical for success.<br><br>Mastering Marketing:<br>Marketing involves understanding customer needs, creating value propositions, and promoting products or services. It includes market research, segmentation, targeting, positioning, and branding. Digital marketing has revolutionized the field, providing new channels for advertising, customer engagement, and data analysis. Successful campaigns leverage consumer insights and adapt to changing preferences.<br><br>The Financial Perspective:<br>Finance is vital for business sustainability. Understanding financial concepts, managing cash flows, and making informed investment decisions are crucial. Financial management includes budgeting, financial analysis, risk management, and optimizing capital structure. Sound financial planning ensures businesses have the resources to operate, expand, and innovate.<br><br>Embracing Corporate Social Responsibility:<br>Businesses are expected to act responsibly in today\'s socially conscious environment. Corporate Social Responsibility (CSR) refers to ethical and sustainable practices. Initiatives can include environmental stewardship, community engagement, and ethical sourcing. Prioritizing CSR enhances reputation, attracts customers, and retains employees.<br><br>Conclusion:<br>The world of business is a complex and evolving landscape. Staying attuned to market dynamics, technology, and consumer preferences is essential. Embracing innovation, fostering leadership, leveraging effective marketing strategies, managing finances wisely, and embracing social responsibility position businesses for success. The journey of entrepreneurship and business management is challenging yet rewarding, offering opportunities for growth, impact, and personal fulfillment. Businesses play a crucial role in shaping economies, driving innovation, and improving quality of life for individuals and societies<br>',NULL,NULL,1,1,1,1,1,1,'2023-06-22 05:59:33','2023-06-22 07:44:56'),
	(46,'en',15,1,'uploads/GEPaNuO7AksjQom7EEPzJWjLYMtN8l.jpg','The Art of Work-Life Balance: Nurturing Harmony in a Fast-Paced World','the-art-of-work-life-balance-nurturing-harmony-in-a-fast-paced-world','Introduction:<br>Business is the backbone of the global economy, fueling innovation, growth, and creating opportunities. In an ever-changing world, the business landscape has evolved significantly due to technology, globalization, and shifting consumer demands. Navigating this dynamic environment requires understanding key principles, challenges, and strategies. This article explores various aspects of the business world, including entrepreneurship, management, marketing, finance, and corporate social responsibility.<br><br>The Foundation of Business:<br>At its core, business involves creating, delivering, and capturing value. Entrepreneurs play a vital role in establishing businesses, identifying market gaps, and bringing innovative ideas to life. Successful entrepreneurship requires creativity, resourcefulness, and resilience. Startups and small businesses face unique challenges but also benefit from agility and flexibility in meeting market needs.<br><br>The Art of Management:<br>Effective management is crucial for businesses of all sizes. It encompasses planning, organizing, leading, and controlling operations. Managers must possess leadership skills, motivate teams, and have a strategic vision. Key management functions include human resource management, operations management, and strategic planning. Effective communication, decision-making, and problem-solving skills are critical for success.<br><br>Mastering Marketing:<br>Marketing involves understanding customer needs, creating value propositions, and promoting products or services. It includes market research, segmentation, targeting, positioning, and branding. Digital marketing has revolutionized the field, providing new channels for advertising, customer engagement, and data analysis. Successful campaigns leverage consumer insights and adapt to changing preferences.<br><br>The Financial Perspective:<br>Finance is vital for business sustainability. Understanding financial concepts, managing cash flows, and making informed investment decisions are crucial. Financial management includes budgeting, financial analysis, risk management, and optimizing capital structure. Sound financial planning ensures businesses have the resources to operate, expand, and innovate.<br><br>Embracing Corporate Social Responsibility:<br>Businesses are expected to act responsibly in today\'s socially conscious environment. Corporate Social Responsibility (CSR) refers to ethical and sustainable practices. Initiatives can include environmental stewardship, community engagement, and ethical sourcing. Prioritizing CSR enhances reputation, attracts customers, and retains employees.<br><br>Conclusion:<br>The world of business is a complex and evolving landscape. Staying attuned to market dynamics, technology, and consumer preferences is essential. Embracing innovation, fostering leadership, leveraging effective marketing strategies, managing finances wisely, and embracing social responsibility position businesses for success. The journey of entrepreneurship and business management is challenging yet rewarding, offering opportunities for growth, impact, and personal fulfillment. Businesses play a crucial role in shaping economies, driving innovation, and improving quality of life for individuals and societies<br>',NULL,NULL,1,1,1,1,1,0,'2023-06-22 06:05:42','2023-06-22 06:06:14'),
	(49,'en',15,1,'uploads/2JSPqkxcMrcGHYHWCH68TxVfvUj4Uf.jpg','Mindfulness in Everyday Life: Cultivating Inner Peace and Happiness','mindfulness-in-everyday-life-cultivating-inner-peace-and-happiness','Introduction:<br>Business is the backbone of the global economy, fueling innovation, growth, and creating opportunities. In an ever-changing world, the business landscape has evolved significantly due to technology, globalization, and shifting consumer demands. Navigating this dynamic environment requires understanding key principles, challenges, and strategies. This article explores various aspects of the business world, including entrepreneurship, management, marketing, finance, and corporate social responsibility.<br><br>The Foundation of Business:<br>At its core, business involves creating, delivering, and capturing value. Entrepreneurs play a vital role in establishing businesses, identifying market gaps, and bringing innovative ideas to life. Successful entrepreneurship requires creativity, resourcefulness, and resilience. Startups and small businesses face unique challenges but also benefit from agility and flexibility in meeting market needs.<br><br>The Art of Management:<br>Effective management is crucial for businesses of all sizes. It encompasses planning, organizing, leading, and controlling operations. Managers must possess leadership skills, motivate teams, and have a strategic vision. Key management functions include human resource management, operations management, and strategic planning. Effective communication, decision-making, and problem-solving skills are critical for success.<br><br>Mastering Marketing:<br>Marketing involves understanding customer needs, creating value propositions, and promoting products or services. It includes market research, segmentation, targeting, positioning, and branding. Digital marketing has revolutionized the field, providing new channels for advertising, customer engagement, and data analysis. Successful campaigns leverage consumer insights and adapt to changing preferences.<br><br>The Financial Perspective:<br>Finance is vital for business sustainability. Understanding financial concepts, managing cash flows, and making informed investment decisions are crucial. Financial management includes budgeting, financial analysis, risk management, and optimizing capital structure. Sound financial planning ensures businesses have the resources to operate, expand, and innovate.<br><br>Embracing Corporate Social Responsibility:<br>Businesses are expected to act responsibly in today\'s socially conscious environment. Corporate Social Responsibility (CSR) refers to ethical and sustainable practices. Initiatives can include environmental stewardship, community engagement, and ethical sourcing. Prioritizing CSR enhances reputation, attracts customers, and retains employees.<br><br>Conclusion:<br>The world of business is a complex and evolving landscape. Staying attuned to market dynamics, technology, and consumer preferences is essential. Embracing innovation, fostering leadership, leveraging effective marketing strategies, managing finances wisely, and embracing social responsibility position businesses for success. The journey of entrepreneurship and business management is challenging yet rewarding, offering opportunities for growth, impact, and personal fulfillment. Businesses play a crucial role in shaping economies, driving innovation, and improving quality of life for individuals and societies<br>',NULL,NULL,1,1,1,1,1,1,'2023-06-22 06:16:18','2023-06-24 07:00:45'),
	(52,'en',15,1,'uploads/2uMMsxJ9TfsAkyhKaduNkZfSsULgbB.jpg','Designing Your Dream Lifestyle: Crafting a Personalized Path to Success','designing-your-dream-lifestyle-crafting-a-personalized-path-to-success','Introduction:<br>Business is the backbone of the global economy, fueling innovation, growth, and creating opportunities. In an ever-changing world, the business landscape has evolved significantly due to technology, globalization, and shifting consumer demands. Navigating this dynamic environment requires understanding key principles, challenges, and strategies. This article explores various aspects of the business world, including entrepreneurship, management, marketing, finance, and corporate social responsibility.<br><br>The Foundation of Business:<br>At its core, business involves creating, delivering, and capturing value. Entrepreneurs play a vital role in establishing businesses, identifying market gaps, and bringing innovative ideas to life. Successful entrepreneurship requires creativity, resourcefulness, and resilience. Startups and small businesses face unique challenges but also benefit from agility and flexibility in meeting market needs.<br><br>The Art of Management:<br>Effective management is crucial for businesses of all sizes. It encompasses planning, organizing, leading, and controlling operations. Managers must possess leadership skills, motivate teams, and have a strategic vision. Key management functions include human resource management, operations management, and strategic planning. Effective communication, decision-making, and problem-solving skills are critical for success.<br><br>Mastering Marketing:<br>Marketing involves understanding customer needs, creating value propositions, and promoting products or services. It includes market research, segmentation, targeting, positioning, and branding. Digital marketing has revolutionized the field, providing new channels for advertising, customer engagement, and data analysis. Successful campaigns leverage consumer insights and adapt to changing preferences.<br><br>The Financial Perspective:<br>Finance is vital for business sustainability. Understanding financial concepts, managing cash flows, and making informed investment decisions are crucial. Financial management includes budgeting, financial analysis, risk management, and optimizing capital structure. Sound financial planning ensures businesses have the resources to operate, expand, and innovate.<br><br>Embracing Corporate Social Responsibility:<br>Businesses are expected to act responsibly in today\'s socially conscious environment. Corporate Social Responsibility (CSR) refers to ethical and sustainable practices. Initiatives can include environmental stewardship, community engagement, and ethical sourcing. Prioritizing CSR enhances reputation, attracts customers, and retains employees.<br><br>Conclusion:<br>The world of business is a complex and evolving landscape. Staying attuned to market dynamics, technology, and consumer preferences is essential. Embracing innovation, fostering leadership, leveraging effective marketing strategies, managing finances wisely, and embracing social responsibility position businesses for success. The journey of entrepreneurship and business management is challenging yet rewarding, offering opportunities for growth, impact, and personal fulfillment. Businesses play a crucial role in shaping economies, driving innovation, and improving quality of life for individuals and societies<br>',NULL,NULL,1,1,1,1,1,2,'2023-06-22 06:20:16','2023-06-24 07:02:03'),
	(55,'en',16,1,'uploads/SUY8HU245aAr9xZ6EDVZVx7y5jr0GR.jpg','The Dynamics of Political Leadership: Insights from Visionary Statesmen','the-dynamics-of-political-leadership-insights-from-visionary-statesmen','Introduction:<br>Business is the backbone of the global economy, fueling innovation, growth, and creating opportunities. In an ever-changing world, the business landscape has evolved significantly due to technology, globalization, and shifting consumer demands. Navigating this dynamic environment requires understanding key principles, challenges, and strategies. This article explores various aspects of the business world, including entrepreneurship, management, marketing, finance, and corporate social responsibility.<br><br>The Foundation of Business:<br>At its core, business involves creating, delivering, and capturing value. Entrepreneurs play a vital role in establishing businesses, identifying market gaps, and bringing innovative ideas to life. Successful entrepreneurship requires creativity, resourcefulness, and resilience. Startups and small businesses face unique challenges but also benefit from agility and flexibility in meeting market needs.<br><br>The Art of Management:<br>Effective management is crucial for businesses of all sizes. It encompasses planning, organizing, leading, and controlling operations. Managers must possess leadership skills, motivate teams, and have a strategic vision. Key management functions include human resource management, operations management, and strategic planning. Effective communication, decision-making, and problem-solving skills are critical for success.<br><br>Mastering Marketing:<br>Marketing involves understanding customer needs, creating value propositions, and promoting products or services. It includes market research, segmentation, targeting, positioning, and branding. Digital marketing has revolutionized the field, providing new channels for advertising, customer engagement, and data analysis. Successful campaigns leverage consumer insights and adapt to changing preferences.<br><br>The Financial Perspective:<br>Finance is vital for business sustainability. Understanding financial concepts, managing cash flows, and making informed investment decisions are crucial. Financial management includes budgeting, financial analysis, risk management, and optimizing capital structure. Sound financial planning ensures businesses have the resources to operate, expand, and innovate.<br><br>Embracing Corporate Social Responsibility:<br>Businesses are expected to act responsibly in today\'s socially conscious environment. Corporate Social Responsibility (CSR) refers to ethical and sustainable practices. Initiatives can include environmental stewardship, community engagement, and ethical sourcing. Prioritizing CSR enhances reputation, attracts customers, and retains employees.<br><br>Conclusion:<br>The world of business is a complex and evolving landscape. Staying attuned to market dynamics, technology, and consumer preferences is essential. Embracing innovation, fostering leadership, leveraging effective marketing strategies, managing finances wisely, and embracing social responsibility position businesses for success. The journey of entrepreneurship and business management is challenging yet rewarding, offering opportunities for growth, impact, and personal fulfillment. Businesses play a crucial role in shaping economies, driving innovation, and improving quality of life for individuals and societies<br>',NULL,NULL,0,0,0,1,1,0,'2023-06-22 06:24:20','2023-06-22 06:29:47'),
	(58,'en',16,1,'uploads/4WGkmOZTvya6mYDNlvlUolPhnSt0SE.jpg','Navigating the Political Landscape: Strategies for Effective Advocacy','navigating-the-political-landscape-strategies-for-effective-advocacy','Introduction:<br>Business is the backbone of the global economy, fueling innovation, growth, and creating opportunities. In an ever-changing world, the business landscape has evolved significantly due to technology, globalization, and shifting consumer demands. Navigating this dynamic environment requires understanding key principles, challenges, and strategies. This article explores various aspects of the business world, including entrepreneurship, management, marketing, finance, and corporate social responsibility.<br><br>The Foundation of Business:<br>At its core, business involves creating, delivering, and capturing value. Entrepreneurs play a vital role in establishing businesses, identifying market gaps, and bringing innovative ideas to life. Successful entrepreneurship requires creativity, resourcefulness, and resilience. Startups and small businesses face unique challenges but also benefit from agility and flexibility in meeting market needs.<br><br>The Art of Management:<br>Effective management is crucial for businesses of all sizes. It encompasses planning, organizing, leading, and controlling operations. Managers must possess leadership skills, motivate teams, and have a strategic vision. Key management functions include human resource management, operations management, and strategic planning. Effective communication, decision-making, and problem-solving skills are critical for success.<br><br>Mastering Marketing:<br>Marketing involves understanding customer needs, creating value propositions, and promoting products or services. It includes market research, segmentation, targeting, positioning, and branding. Digital marketing has revolutionized the field, providing new channels for advertising, customer engagement, and data analysis. Successful campaigns leverage consumer insights and adapt to changing preferences.<br><br>The Financial Perspective:<br>Finance is vital for business sustainability. Understanding financial concepts, managing cash flows, and making informed investment decisions are crucial. Financial management includes budgeting, financial analysis, risk management, and optimizing capital structure. Sound financial planning ensures businesses have the resources to operate, expand, and innovate.<br><br>Embracing Corporate Social Responsibility:<br>Businesses are expected to act responsibly in today\'s socially conscious environment. Corporate Social Responsibility (CSR) refers to ethical and sustainable practices. Initiatives can include environmental stewardship, community engagement, and ethical sourcing. Prioritizing CSR enhances reputation, attracts customers, and retains employees.<br><br>Conclusion:<br>The world of business is a complex and evolving landscape. Staying attuned to market dynamics, technology, and consumer preferences is essential. Embracing innovation, fostering leadership, leveraging effective marketing strategies, managing finances wisely, and embracing social responsibility position businesses for success. The journey of entrepreneurship and business management is challenging yet rewarding, offering opportunities for growth, impact, and personal fulfillment. Businesses play a crucial role in shaping economies, driving innovation, and improving quality of life for individuals and societies<br>',NULL,NULL,0,0,0,1,1,0,'2023-06-22 06:29:31','2023-06-22 06:30:42'),
	(61,'en',16,1,'uploads/8fAoVXqbTAXjsFKaJxqq4FD2zMF0XR.jpg','The Power of Policy: Shaping Societies through Effective Governance','the-power-of-policy-shaping-societies-through-effective-governance','Introduction:<br>Business is the backbone of the global economy, fueling innovation, growth, and creating opportunities. In an ever-changing world, the business landscape has evolved significantly due to technology, globalization, and shifting consumer demands. Navigating this dynamic environment requires understanding key principles, challenges, and strategies. This article explores various aspects of the business world, including entrepreneurship, management, marketing, finance, and corporate social responsibility.<br><br>The Foundation of Business:<br>At its core, business involves creating, delivering, and capturing value. Entrepreneurs play a vital role in establishing businesses, identifying market gaps, and bringing innovative ideas to life. Successful entrepreneurship requires creativity, resourcefulness, and resilience. Startups and small businesses face unique challenges but also benefit from agility and flexibility in meeting market needs.<br><br>The Art of Management:<br>Effective management is crucial for businesses of all sizes. It encompasses planning, organizing, leading, and controlling operations. Managers must possess leadership skills, motivate teams, and have a strategic vision. Key management functions include human resource management, operations management, and strategic planning. Effective communication, decision-making, and problem-solving skills are critical for success.<br><br>Mastering Marketing:<br>Marketing involves understanding customer needs, creating value propositions, and promoting products or services. It includes market research, segmentation, targeting, positioning, and branding. Digital marketing has revolutionized the field, providing new channels for advertising, customer engagement, and data analysis. Successful campaigns leverage consumer insights and adapt to changing preferences.<br><br>The Financial Perspective:<br>Finance is vital for business sustainability. Understanding financial concepts, managing cash flows, and making informed investment decisions are crucial. Financial management includes budgeting, financial analysis, risk management, and optimizing capital structure. Sound financial planning ensures businesses have the resources to operate, expand, and innovate.<br><br>Embracing Corporate Social Responsibility:<br>Businesses are expected to act responsibly in today\'s socially conscious environment. Corporate Social Responsibility (CSR) refers to ethical and sustainable practices. Initiatives can include environmental stewardship, community engagement, and ethical sourcing. Prioritizing CSR enhances reputation, attracts customers, and retains employees.<br><br>Conclusion:<br>The world of business is a complex and evolving landscape. Staying attuned to market dynamics, technology, and consumer preferences is essential. Embracing innovation, fostering leadership, leveraging effective marketing strategies, managing finances wisely, and embracing social responsibility position businesses for success. The journey of entrepreneurship and business management is challenging yet rewarding, offering opportunities for growth, impact, and personal fulfillment. Businesses play a crucial role in shaping economies, driving innovation, and improving quality of life for individuals and societies<br>',NULL,NULL,0,0,0,1,1,0,'2023-06-22 06:43:46','2023-06-22 06:44:28'),
	(64,'en',16,1,'uploads/ObzVg32nB4dxYkMXfh5EJ0iDJLfVjj.jpg','From Campaigns to Change: Inspiring Political Movements and their Legacies','from-campaigns-to-change-inspiring-political-movements-and-their-legacies','Introduction:<br>Business is the backbone of the global economy, fueling innovation, growth, and creating opportunities. In an ever-changing world, the business landscape has evolved significantly due to technology, globalization, and shifting consumer demands. Navigating this dynamic environment requires understanding key principles, challenges, and strategies. This article explores various aspects of the business world, including entrepreneurship, management, marketing, finance, and corporate social responsibility.<br><br>The Foundation of Business:<br>At its core, business involves creating, delivering, and capturing value. Entrepreneurs play a vital role in establishing businesses, identifying market gaps, and bringing innovative ideas to life. Successful entrepreneurship requires creativity, resourcefulness, and resilience. Startups and small businesses face unique challenges but also benefit from agility and flexibility in meeting market needs.<br><br>The Art of Management:<br>Effective management is crucial for businesses of all sizes. It encompasses planning, organizing, leading, and controlling operations. Managers must possess leadership skills, motivate teams, and have a strategic vision. Key management functions include human resource management, operations management, and strategic planning. Effective communication, decision-making, and problem-solving skills are critical for success.<br><br>Mastering Marketing:<br>Marketing involves understanding customer needs, creating value propositions, and promoting products or services. It includes market research, segmentation, targeting, positioning, and branding. Digital marketing has revolutionized the field, providing new channels for advertising, customer engagement, and data analysis. Successful campaigns leverage consumer insights and adapt to changing preferences.<br><br>The Financial Perspective:<br>Finance is vital for business sustainability. Understanding financial concepts, managing cash flows, and making informed investment decisions are crucial. Financial management includes budgeting, financial analysis, risk management, and optimizing capital structure. Sound financial planning ensures businesses have the resources to operate, expand, and innovate.<br><br>Embracing Corporate Social Responsibility:<br>Businesses are expected to act responsibly in today\'s socially conscious environment. Corporate Social Responsibility (CSR) refers to ethical and sustainable practices. Initiatives can include environmental stewardship, community engagement, and ethical sourcing. Prioritizing CSR enhances reputation, attracts customers, and retains employees.<br><br>Conclusion:<br>The world of business is a complex and evolving landscape. Staying attuned to market dynamics, technology, and consumer preferences is essential. Embracing innovation, fostering leadership, leveraging effective marketing strategies, managing finances wisely, and embracing social responsibility position businesses for success. The journey of entrepreneurship and business management is challenging yet rewarding, offering opportunities for growth, impact, and personal fulfillment. Businesses play a crucial role in shaping economies, driving innovation, and improving quality of life for individuals and societies<br>',NULL,NULL,0,0,0,1,1,1,'2023-06-22 06:46:09','2023-06-22 12:11:26'),
	(67,'en',14,1,'uploads/ZOfmDXwmsX3ZJYYI8XIYq89kT36TPp.jpg','Achieving Sporting Greatness: Lessons from Legendary Athletes','achieving-sporting-greatness-lessons-from-legendary-athletes','Introduction:<br>Business is the backbone of the global economy, fueling innovation, growth, and creating opportunities. In an ever-changing world, the business landscape has evolved significantly due to technology, globalization, and shifting consumer demands. Navigating this dynamic environment requires understanding key principles, challenges, and strategies. This article explores various aspects of the business world, including entrepreneurship, management, marketing, finance, and corporate social responsibility.<br><br>The Foundation of Business:<br>At its core, business involves creating, delivering, and capturing value. Entrepreneurs play a vital role in establishing businesses, identifying market gaps, and bringing innovative ideas to life. Successful entrepreneurship requires creativity, resourcefulness, and resilience. Startups and small businesses face unique challenges but also benefit from agility and flexibility in meeting market needs.<br><br>The Art of Management:<br>Effective management is crucial for businesses of all sizes. It encompasses planning, organizing, leading, and controlling operations. Managers must possess leadership skills, motivate teams, and have a strategic vision. Key management functions include human resource management, operations management, and strategic planning. Effective communication, decision-making, and problem-solving skills are critical for success.<br><br>Mastering Marketing:<br>Marketing involves understanding customer needs, creating value propositions, and promoting products or services. It includes market research, segmentation, targeting, positioning, and branding. Digital marketing has revolutionized the field, providing new channels for advertising, customer engagement, and data analysis. Successful campaigns leverage consumer insights and adapt to changing preferences.<br><br>The Financial Perspective:<br>Finance is vital for business sustainability. Understanding financial concepts, managing cash flows, and making informed investment decisions are crucial. Financial management includes budgeting, financial analysis, risk management, and optimizing capital structure. Sound financial planning ensures businesses have the resources to operate, expand, and innovate.<br><br>Embracing Corporate Social Responsibility:<br>Businesses are expected to act responsibly in today\'s socially conscious environment. Corporate Social Responsibility (CSR) refers to ethical and sustainable practices. Initiatives can include environmental stewardship, community engagement, and ethical sourcing. Prioritizing CSR enhances reputation, attracts customers, and retains employees.<br><br>Conclusion:<br>The world of business is a complex and evolving landscape. Staying attuned to market dynamics, technology, and consumer preferences is essential. Embracing innovation, fostering leadership, leveraging effective marketing strategies, managing finances wisely, and embracing social responsibility position businesses for success. The journey of entrepreneurship and business management is challenging yet rewarding, offering opportunities for growth, impact, and personal fulfillment. Businesses play a crucial role in shaping economies, driving innovation, and improving quality of life for individuals and societies<br>',NULL,NULL,0,0,0,1,1,0,'2023-06-22 06:50:32','2023-06-22 06:51:41'),
	(70,'en',14,1,'uploads/9HH6pcbhOuoLdY7CLebgp8W05VCEWK.jpg','Sporting Greatness: Lessons from Legendary Athletes','sporting-greatness-lessons-from-legendary-athletes','Introduction:<br>Business is the backbone of the global economy, fueling innovation, growth, and creating opportunities. In an ever-changing world, the business landscape has evolved significantly due to technology, globalization, and shifting consumer demands. Navigating this dynamic environment requires understanding key principles, challenges, and strategies. This article explores various aspects of the business world, including entrepreneurship, management, marketing, finance, and corporate social responsibility.<br><br>The Foundation of Business:<br>At its core, business involves creating, delivering, and capturing value. Entrepreneurs play a vital role in establishing businesses, identifying market gaps, and bringing innovative ideas to life. Successful entrepreneurship requires creativity, resourcefulness, and resilience. Startups and small businesses face unique challenges but also benefit from agility and flexibility in meeting market needs.<br><br>The Art of Management:<br>Effective management is crucial for businesses of all sizes. It encompasses planning, organizing, leading, and controlling operations. Managers must possess leadership skills, motivate teams, and have a strategic vision. Key management functions include human resource management, operations management, and strategic planning. Effective communication, decision-making, and problem-solving skills are critical for success.<br><br>Mastering Marketing:<br>Marketing involves understanding customer needs, creating value propositions, and promoting products or services. It includes market research, segmentation, targeting, positioning, and branding. Digital marketing has revolutionized the field, providing new channels for advertising, customer engagement, and data analysis. Successful campaigns leverage consumer insights and adapt to changing preferences.<br><br>The Financial Perspective:<br>Finance is vital for business sustainability. Understanding financial concepts, managing cash flows, and making informed investment decisions are crucial. Financial management includes budgeting, financial analysis, risk management, and optimizing capital structure. Sound financial planning ensures businesses have the resources to operate, expand, and innovate.<br><br>Embracing Corporate Social Responsibility:<br>Businesses are expected to act responsibly in today\'s socially conscious environment. Corporate Social Responsibility (CSR) refers to ethical and sustainable practices. Initiatives can include environmental stewardship, community engagement, and ethical sourcing. Prioritizing CSR enhances reputation, attracts customers, and retains employees.<br><br>Conclusion:<br>The world of business is a complex and evolving landscape. Staying attuned to market dynamics, technology, and consumer preferences is essential. Embracing innovation, fostering leadership, leveraging effective marketing strategies, managing finances wisely, and embracing social responsibility position businesses for success. The journey of entrepreneurship and business management is challenging yet rewarding, offering opportunities for growth, impact, and personal fulfillment. Businesses play a crucial role in shaping economies, driving innovation, and improving quality of life for individuals and societies<br>',NULL,NULL,0,0,0,1,1,2,'2023-06-22 06:54:17','2023-06-24 06:39:20'),
	(73,'en',14,1,'uploads/2uMMsxJ9TfsAkyhKaduNkZfSsULgbB.jpg','Dream Lifestyle: Crafting a Personalized Path to Success','dream-lifestyle-crafting-a-personalized-path-to-success','Introduction:<br>Business is the backbone of the global economy, fueling innovation, growth, and creating opportunities. In an ever-changing world, the business landscape has evolved significantly due to technology, globalization, and shifting consumer demands. Navigating this dynamic environment requires understanding key principles, challenges, and strategies. This article explores various aspects of the business world, including entrepreneurship, management, marketing, finance, and corporate social responsibility.<br><br>The Foundation of Business:<br>At its core, business involves creating, delivering, and capturing value. Entrepreneurs play a vital role in establishing businesses, identifying market gaps, and bringing innovative ideas to life. Successful entrepreneurship requires creativity, resourcefulness, and resilience. Startups and small businesses face unique challenges but also benefit from agility and flexibility in meeting market needs.<br><br>The Art of Management:<br>Effective management is crucial for businesses of all sizes. It encompasses planning, organizing, leading, and controlling operations. Managers must possess leadership skills, motivate teams, and have a strategic vision. Key management functions include human resource management, operations management, and strategic planning. Effective communication, decision-making, and problem-solving skills are critical for success.<br><br>Mastering Marketing:<br>Marketing involves understanding customer needs, creating value propositions, and promoting products or services. It includes market research, segmentation, targeting, positioning, and branding. Digital marketing has revolutionized the field, providing new channels for advertising, customer engagement, and data analysis. Successful campaigns leverage consumer insights and adapt to changing preferences.<br><br>The Financial Perspective:<br>Finance is vital for business sustainability. Understanding financial concepts, managing cash flows, and making informed investment decisions are crucial. Financial management includes budgeting, financial analysis, risk management, and optimizing capital structure. Sound financial planning ensures businesses have the resources to operate, expand, and innovate.<br><br>Embracing Corporate Social Responsibility:<br>Businesses are expected to act responsibly in today\'s socially conscious environment. Corporate Social Responsibility (CSR) refers to ethical and sustainable practices. Initiatives can include environmental stewardship, community engagement, and ethical sourcing. Prioritizing CSR enhances reputation, attracts customers, and retains employees.<br><br>Conclusion:<br>The world of business is a complex and evolving landscape. Staying attuned to market dynamics, technology, and consumer preferences is essential. Embracing innovation, fostering leadership, leveraging effective marketing strategies, managing finances wisely, and embracing social responsibility position businesses for success. The journey of entrepreneurship and business management is challenging yet rewarding, offering opportunities for growth, impact, and personal fulfillment. Businesses play a crucial role in shaping economies, driving innovation, and improving quality of life for individuals and societies<br>',NULL,NULL,1,1,1,1,1,3,'2023-06-22 07:02:33','2023-06-24 07:29:03');



# Dump of table news_tags
# ------------------------------------------------------------


CREATE TABLE `news_tags` (
  `id` bigint(20) unsigned NOT NULL AUTO_INCREMENT,
  `news_id` bigint(20) unsigned NOT NULL,
  `tag_id` bigint(20) unsigned NOT NULL,
  `created_at` timestamp NULL DEFAULT NULL,
  `updated_at` timestamp NULL DEFAULT NULL,
  PRIMARY KEY (`id`),
  KEY `news_tags_news_id_foreign` (`news_id`),
  KEY `news_tags_tag_id_foreign` (`tag_id`),
  CONSTRAINT `news_tags_news_id_foreign` FOREIGN KEY (`news_id`) REFERENCES `news` (`id`) ON DELETE CASCADE,
  CONSTRAINT `news_tags_tag_id_foreign` FOREIGN KEY (`tag_id`) REFERENCES `tags` (`id`) ON DELETE CASCADE
) ENGINE=InnoDB DEFAULT CHARSET=utf8mb4 COLLATE=utf8mb4_unicode_ci;


INSERT INTO `news_tags` (`id`, `news_id`, `tag_id`, `created_at`, `updated_at`)
VALUES
	(84,23,84,NULL,NULL),
	(85,23,85,NULL,NULL),
	(86,23,86,NULL,NULL),
	(90,24,90,NULL,NULL),
	(91,24,91,NULL,NULL),
	(92,24,92,NULL,NULL),
	(101,20,101,NULL,NULL),
	(102,20,102,NULL,NULL),
	(103,20,103,NULL,NULL),
	(104,20,104,NULL,NULL),
	(105,20,105,NULL,NULL),
	(106,25,106,NULL,NULL),
	(107,25,107,NULL,NULL),
	(108,25,108,NULL,NULL),
	(157,34,157,NULL,NULL),
	(158,34,158,NULL,NULL),
	(159,34,159,NULL,NULL),
	(172,37,172,NULL,NULL),
	(173,37,173,NULL,NULL),
	(174,37,174,NULL,NULL),
	(190,40,190,NULL,NULL),
	(191,40,191,NULL,NULL),
	(192,40,192,NULL,NULL),
	(212,43,212,NULL,NULL),
	(213,43,213,NULL,NULL),
	(214,43,214,NULL,NULL),
	(234,46,234,NULL,NULL),
	(235,46,235,NULL,NULL),
	(236,46,236,NULL,NULL),
	(264,49,264,NULL,NULL),
	(265,49,265,NULL,NULL),
	(266,49,266,NULL,NULL),
	(279,52,279,NULL,NULL),
	(280,52,280,NULL,NULL),
	(281,52,281,NULL,NULL),
	(299,55,299,NULL,NULL),
	(300,55,300,NULL,NULL),
	(301,55,301,NULL,NULL),
	(319,58,319,NULL,NULL),
	(320,58,320,NULL,NULL),
	(321,58,321,NULL,NULL),
	(337,61,337,NULL,NULL),
	(338,61,338,NULL,NULL),
	(339,61,339,NULL,NULL),
	(352,64,352,NULL,NULL),
	(353,64,353,NULL,NULL),
	(354,64,354,NULL,NULL),
	(382,70,382,NULL,NULL),
	(383,70,383,NULL,NULL),
	(384,70,384,NULL,NULL),
	(385,67,385,NULL,NULL),
	(386,67,386,NULL,NULL),
	(387,67,387,NULL,NULL),
	(413,73,413,NULL,NULL),
	(414,73,414,NULL,NULL),
	(415,73,415,NULL,NULL);



# Dump of table permissions
# ------------------------------------------------------------


CREATE TABLE `permissions` (
  `id` bigint(20) unsigned NOT NULL AUTO_INCREMENT,
  `name` varchar(255) NOT NULL,
  `guard_name` varchar(255) NOT NULL,
  `group_name` varchar(50) DEFAULT NULL,
  `created_at` timestamp NULL DEFAULT NULL,
  `updated_at` timestamp NULL DEFAULT NULL,
  PRIMARY KEY (`id`),
  UNIQUE KEY `permissions_name_guard_name_unique` (`name`,`guard_name`)
) ENGINE=InnoDB DEFAULT CHARSET=utf8mb4 COLLATE=utf8mb4_unicode_ci;


INSERT INTO `permissions` (`id`, `name`, `guard_name`, `group_name`, `created_at`, `updated_at`)
VALUES
	(2,'category index','admin','Category Permissions','2023-06-12 07:41:28','2023-06-12 07:41:28'),
	(3,'category create','admin','Category Permissions','2023-06-12 07:42:32','2023-06-12 07:42:32'),
	(4,'category update','admin','Category Permissions','2023-06-12 07:42:42','2023-06-12 07:42:42'),
	(5,'category delete','admin','Category Permissions','2023-06-12 07:42:49','2023-06-12 07:42:49'),
	(6,'news index','admin','News Permissions','2023-06-13 12:05:58','2023-06-13 12:05:58'),
	(7,'news create','admin','News Permissions','2023-06-13 12:06:12','2023-06-13 12:06:12'),
	(8,'news update','admin','News Permissions','2023-06-13 12:06:20','2023-06-13 12:06:20'),
	(9,'news delete','admin','News Permissions','2023-06-13 12:06:28','2023-06-13 12:06:28'),
	(10,'about index','admin','About Permissions','2023-06-13 12:13:54','2023-06-13 12:13:54'),
	(11,'about update','admin','About Permissions','2023-06-13 12:14:01','2023-06-13 12:14:01'),
	(12,'contact index','admin','Contact Permissions','2023-06-13 12:15:33','2023-06-13 12:15:33'),
	(13,'contact update','admin','Contact Permissions','2023-06-13 12:15:41','2023-06-13 12:15:41'),
	(14,'social count index','admin','Social Count Permissions','2023-06-13 12:17:57','2023-06-13 12:17:57'),
	(15,'social count create','admin','Social Count Permissions','2023-06-13 12:18:05','2023-06-13 12:18:05'),
	(16,'social count update','admin','Social Count Permissions','2023-06-13 12:18:14','2023-06-13 12:18:14'),
	(17,'social count delete','admin','Social Count Permissions','2023-06-13 12:18:23','2023-06-13 12:18:23'),
	(18,'contact message index','admin','Contact Message Permissions','2023-06-13 12:20:41','2023-06-13 12:20:41'),
	(19,'contact message delete','admin','Contact Message Permissions','2023-06-13 12:20:47','2023-06-13 12:20:47'),
	(20,'home section index','admin','Home Section Setting Permissions','2023-06-13 12:22:56','2023-06-13 12:22:56'),
	(21,'home section update','admin','Home Section Setting Permissions','2023-06-13 12:23:03','2023-06-13 12:23:03'),
	(22,'advertisement index','admin','Advertisement Permissions','2023-06-13 12:24:20','2023-06-13 12:24:20'),
	(23,'advertisement update','admin','Advertisement Permissions','2023-06-13 12:24:27','2023-06-13 12:24:27'),
	(24,'languages index','admin','Languages Permissions','2023-06-13 12:25:42','2023-06-13 12:25:42'),
	(25,'languages create','admin','Languages Permissions','2023-06-13 12:25:48','2023-06-13 12:25:48'),
	(26,'languages update','admin','Languages Permissions','2023-06-13 12:25:55','2023-06-13 12:25:55'),
	(27,'languages delete','admin','Languages Permissions','2023-06-13 12:26:02','2023-06-13 12:26:02'),
	(28,'subscribers index','admin','Subscribers Permissions','2023-06-13 12:27:31','2023-06-13 12:27:31'),
	(29,'subscribers delete','admin','Subscribers Permissions','2023-06-13 12:27:39','2023-06-13 12:27:39'),
	(30,'footer index','admin','Footer Permissions','2023-06-13 12:28:42','2023-06-13 12:28:42'),
	(31,'footer create','admin','Footer Permissions','2023-06-13 12:28:48','2023-06-13 12:28:48'),
	(32,'footer update','admin','Footer Permissions','2023-06-13 12:28:57','2023-06-13 12:28:57'),
	(33,'footer delete','admin','Footer Permissions','2023-06-13 12:29:03','2023-06-13 12:29:03'),
	(34,'access management index','admin','Access Management Permissions','2023-06-13 12:31:34','2023-06-13 12:31:34'),
	(35,'access management create','admin','Access Management Permissions','2023-06-13 12:31:40','2023-06-13 12:31:40'),
	(36,'access management update','admin','Access Management Permissions','2023-06-13 12:31:46','2023-06-13 12:31:46'),
	(37,'access management delete','admin','Access Management Permissions','2023-06-13 12:31:53','2023-06-13 12:31:53'),
	(38,'setting index','admin','Settings Permissions','2023-06-13 12:33:11','2023-06-13 12:33:11'),
	(39,'setting update','admin','Settings Permissions','2023-06-13 12:33:17','2023-06-13 12:33:17'),
	(40,'news status','admin','News Permissions','2023-06-15 06:31:44','2023-06-15 06:31:44'),
	(41,'news all-access','admin','News Permissions','2023-06-15 06:38:27','2023-06-15 06:38:27');




# Dump of table recived_mails
# ------------------------------------------------------------


CREATE TABLE `recived_mails` (
  `id` bigint(20) unsigned NOT NULL AUTO_INCREMENT,
  `email` varchar(255) NOT NULL,
  `subject` varchar(255) NOT NULL,
  `message` text NOT NULL,
  `seen` tinyint(1) NOT NULL DEFAULT 0,
  `replied` tinyint(1) NOT NULL DEFAULT 0,
  `created_at` timestamp NULL DEFAULT NULL,
  `updated_at` timestamp NULL DEFAULT NULL,
  PRIMARY KEY (`id`)
) ENGINE=InnoDB DEFAULT CHARSET=utf8mb4 COLLATE=utf8mb4_unicode_ci;


INSERT INTO `recived_mails` (`id`, `email`, `subject`, `message`, `seen`, `replied`, `created_at`, `updated_at`)
VALUES
	(1,'test@gmail.com','test sub','test sub',1,1,'2023-06-08 12:35:29','2025-04-26 08:06:22'),
	(2,'capibo@mailinator.com','Possimus perferendi','Consequuntur repelle',1,1,'2023-06-10 07:26:40','2025-04-26 08:06:22');



# Dump of table role_has_permissions
# ------------------------------------------------------------


CREATE TABLE `role_has_permissions` (
  `permission_id` bigint(20) unsigned NOT NULL,
  `role_id` bigint(20) unsigned NOT NULL,
  PRIMARY KEY (`permission_id`,`role_id`),
  KEY `role_has_permissions_role_id_foreign` (`role_id`),
  CONSTRAINT `role_has_permissions_permission_id_foreign` FOREIGN KEY (`permission_id`) REFERENCES `permissions` (`id`) ON DELETE CASCADE,
  CONSTRAINT `role_has_permissions_role_id_foreign` FOREIGN KEY (`role_id`) REFERENCES `roles` (`id`) ON DELETE CASCADE
) ENGINE=InnoDB DEFAULT CHARSET=utf8mb4 COLLATE=utf8mb4_unicode_ci;


INSERT INTO `role_has_permissions` (`permission_id`, `role_id`)
VALUES
	(6,6),
	(7,6),
	(8,6),
	(9,6);



# Dump of table roles
# ------------------------------------------------------------


CREATE TABLE `roles` (
  `id` bigint(20) unsigned NOT NULL AUTO_INCREMENT,
  `name` varchar(255) NOT NULL,
  `guard_name` varchar(255) NOT NULL,
  `created_at` timestamp NULL DEFAULT NULL,
  `updated_at` timestamp NULL DEFAULT NULL,
  PRIMARY KEY (`id`),
  UNIQUE KEY `roles_name_guard_name_unique` (`name`,`guard_name`)
) ENGINE=InnoDB DEFAULT CHARSET=utf8mb4 COLLATE=utf8mb4_unicode_ci;


INSERT INTO `roles` (`id`, `name`, `guard_name`, `created_at`, `updated_at`)
VALUES
	(3,'Super Admin','admin','2023-06-12 10:28:34','2023-06-12 10:28:34'),
	(6,'writer','admin','2023-06-13 06:52:28','2023-06-13 06:52:28');



# Dump of table social_counts
# ------------------------------------------------------------


CREATE TABLE `social_counts` (
  `id` bigint(20) unsigned NOT NULL AUTO_INCREMENT,
  `language` varchar(255) NOT NULL,
  `icon` varchar(255) NOT NULL,
  `fan_count` varchar(255) NOT NULL,
  `fan_type` varchar(255) NOT NULL,
  `button_text` varchar(255) NOT NULL,
  `color` varchar(255) NOT NULL,
  `url` text NOT NULL,
  `status` tinyint(1) NOT NULL,
  `created_at` timestamp NULL DEFAULT NULL,
  `updated_at` timestamp NULL DEFAULT NULL,
  PRIMARY KEY (`id`)
) ENGINE=InnoDB DEFAULT CHARSET=utf8mb4 COLLATE=utf8mb4_unicode_ci;


INSERT INTO `social_counts` (`id`, `language`, `icon`, `fan_count`, `fan_type`, `button_text`, `color`, `url`, `status`, `created_at`, `updated_at`)
VALUES
	(2,'en','fab fa-linkedin-in','200k','Likes','Likes','#0a66c2','https://www.linkedin.com/',1,'2023-06-04 07:11:06','2023-06-22 07:15:16'),
	(6,'en','fab fa-facebook-f','300k','Followers','Likes','#0b84ee','https://www.facebook.com/',1,'2023-06-22 07:16:59','2023-06-22 07:19:18'),
	(9,'en','fab fa-youtube','100k','Fans','Subscribe','#ff0000','https://www.facebook.com/',1,'2023-06-22 07:24:25','2023-06-22 07:24:25');



# Dump of table social_links
# ------------------------------------------------------------


CREATE TABLE `social_links` (
  `id` bigint(20) unsigned NOT NULL AUTO_INCREMENT,
  `icon` varchar(255) NOT NULL,
  `url` text NOT NULL,
  `status` tinyint(1) NOT NULL,
  `created_at` timestamp NULL DEFAULT NULL,
  `updated_at` timestamp NULL DEFAULT NULL,
  PRIMARY KEY (`id`)
) ENGINE=InnoDB DEFAULT CHARSET=utf8mb4 COLLATE=utf8mb4_unicode_ci;


INSERT INTO `social_links` (`id`, `icon`, `url`, `status`, `created_at`, `updated_at`)
VALUES
	(3,'fab fa-facebook-f','https://www.linkedin.com/',1,'2023-06-07 04:43:13','2023-06-07 04:43:13'),
	(4,'fab fa-twitter','https://www.linkedin.com/',1,'2023-06-07 04:43:23','2023-06-07 04:43:23'),
	(5,'fab fa-linkedin-in','https://www.linkedin.com/',1,'2023-06-07 04:44:42','2023-06-07 04:44:42'),
	(6,'fab fa-instagram','https://www.linkedin.com/',1,'2023-06-07 04:44:54','2023-06-07 04:44:54');



# Dump of table subscribers
# ------------------------------------------------------------


CREATE TABLE `subscribers` (
  `id` bigint(20) unsigned NOT NULL AUTO_INCREMENT,
  `email` varchar(255) NOT NULL,
  `created_at` timestamp NULL DEFAULT NULL,
  `updated_at` timestamp NULL DEFAULT NULL,
  PRIMARY KEY (`id`)
) ENGINE=InnoDB DEFAULT CHARSET=utf8mb4 COLLATE=utf8mb4_unicode_ci;


INSERT INTO `subscribers` (`id`, `email`, `created_at`, `updated_at`)
VALUES
	(1,'test@gmail.com','2023-06-06 07:22:49','2023-06-06 07:22:49'),
	(3,'test123@gmail.com','2023-06-06 10:25:48','2023-06-06 10:25:48');



# Dump of table tags
# ------------------------------------------------------------


CREATE TABLE `tags` (
  `id` bigint(20) unsigned NOT NULL AUTO_INCREMENT,
  `name` varchar(255) NOT NULL,
  `created_at` timestamp NULL DEFAULT NULL,
  `updated_at` timestamp NULL DEFAULT NULL,
  `language` varchar(50) DEFAULT NULL,
  PRIMARY KEY (`id`)
) ENGINE=InnoDB DEFAULT CHARSET=utf8mb4 COLLATE=utf8mb4_unicode_ci;


INSERT INTO `tags` (`id`, `name`, `created_at`, `updated_at`, `language`)
VALUES
	(84,'Business','2023-06-22 05:19:39','2023-06-22 05:19:39','en'),
	(85,' Event','2023-06-22 05:19:39','2023-06-22 05:19:39','en'),
	(86,' Lifestyle','2023-06-22 05:19:39','2023-06-22 05:19:39','en'),
	(90,'Business','2023-06-22 05:20:19','2023-06-22 05:20:19','en'),
	(91,' Event','2023-06-22 05:20:19','2023-06-22 05:20:19','en'),
	(92,' Lifestyle','2023-06-22 05:20:19','2023-06-22 05:20:19','en'),
	(101,'business','2023-06-22 05:23:50','2023-06-22 05:23:50','en'),
	(102,' event','2023-06-22 05:23:50','2023-06-22 05:23:50','en'),
	(103,' lifestyle','2023-06-22 05:23:50','2023-06-22 05:23:50','en'),
	(104,' politics','2023-06-22 05:23:50','2023-06-22 05:23:50','en'),
	(105,' sports','2023-06-22 05:23:50','2023-06-22 05:23:50','en'),
	(106,'Business','2023-06-22 05:24:13','2023-06-22 05:24:13','en'),
	(107,' Event','2023-06-22 05:24:13','2023-06-22 05:24:13','en'),
	(108,' Lifestyle','2023-06-22 05:24:13','2023-06-22 05:24:13','en'),
	(157,'Business','2023-06-22 05:51:11','2023-06-22 05:51:11','en'),
	(158,' Event','2023-06-22 05:51:11','2023-06-22 05:51:11','en'),
	(159,' Lifestyle','2023-06-22 05:51:11','2023-06-22 05:51:11','en'),
	(172,'Business','2023-06-22 05:53:49','2023-06-22 05:53:49','en'),
	(173,' Event','2023-06-22 05:53:49','2023-06-22 05:53:49','en'),
	(174,' Lifestyle','2023-06-22 05:53:49','2023-06-22 05:53:49','en'),
	(190,'Business','2023-06-22 05:56:25','2023-06-22 05:56:25','en'),
	(191,' Event','2023-06-22 05:56:25','2023-06-22 05:56:25','en'),
	(192,' Lifestyle','2023-06-22 05:56:25','2023-06-22 05:56:25','en'),
	(212,'Business','2023-06-22 06:00:15','2023-06-22 06:00:15','en'),
	(213,' Event','2023-06-22 06:00:15','2023-06-22 06:00:15','en'),
	(214,' Lifestyle','2023-06-22 06:00:15','2023-06-22 06:00:15','en'),
	(234,'Business','2023-06-22 06:06:14','2023-06-22 06:06:14','en'),
	(235,' Event','2023-06-22 06:06:14','2023-06-22 06:06:14','en'),
	(236,' Lifestyle','2023-06-22 06:06:14','2023-06-22 06:06:14','en'),
	(264,'Business','2023-06-22 06:16:52','2023-06-22 06:16:52','en'),
	(265,' Event','2023-06-22 06:16:52','2023-06-22 06:16:52','en'),
	(266,' Lifestyle','2023-06-22 06:16:52','2023-06-22 06:16:52','en'),
	(279,'Business','2023-06-22 06:20:30','2023-06-22 06:20:30','en'),
	(280,' Event','2023-06-22 06:20:30','2023-06-22 06:20:30','en'),
	(281,' Lifestyle','2023-06-22 06:20:30','2023-06-22 06:20:30','en'),
	(299,'Business','2023-06-22 06:26:25','2023-06-22 06:26:25','en'),
	(300,' Event','2023-06-22 06:26:25','2023-06-22 06:26:25','en'),
	(301,' Lifestyle','2023-06-22 06:26:25','2023-06-22 06:26:25','en'),
	(319,'Business','2023-06-22 06:30:42','2023-06-22 06:30:42','en'),
	(320,'Event','2023-06-22 06:30:42','2023-06-22 06:30:42','en'),
	(321,'Lifestyle','2023-06-22 06:30:42','2023-06-22 06:30:42','en'),
	(337,'Business','2023-06-22 06:44:28','2023-06-22 06:44:28','en'),
	(338,'Event','2023-06-22 06:44:28','2023-06-22 06:44:28','en'),
	(339,'Lifestyle','2023-06-22 06:44:28','2023-06-22 06:44:28','en'),
	(352,'Business','2023-06-22 06:47:00','2023-06-22 06:47:00','en'),
	(353,'Event','2023-06-22 06:47:00','2023-06-22 06:47:00','en'),
	(354,'Lifestyle','2023-06-22 06:47:00','2023-06-22 06:47:00','en'),
	(382,'Business','2023-06-22 06:55:36','2023-06-22 06:55:36','en'),
	(383,'Event','2023-06-22 06:55:36','2023-06-22 06:55:36','en'),
	(384,'Lifestyle','2023-06-22 06:55:37','2023-06-22 06:55:37','en'),
	(385,'Business','2023-06-22 06:57:41','2023-06-22 06:57:41','en'),
	(386,'Event','2023-06-22 06:57:41','2023-06-22 06:57:41','en'),
	(387,'Lifestyle','2023-06-22 06:57:41','2023-06-22 06:57:41','en'),
	(413,'Business','2023-06-22 07:04:26','2023-06-22 07:04:26','en'),
	(414,'Event','2023-06-22 07:04:26','2023-06-22 07:04:26','en'),
	(415,'Lifestyle','2023-06-22 07:04:26','2023-06-22 07:04:26','en');




